{"id":206,"date":"2025-06-22T16:44:09","date_gmt":"2025-06-22T14:44:09","guid":{"rendered":"https:\/\/kitchenemore.be\/?page_id=206"},"modified":"2025-06-25T15:31:51","modified_gmt":"2025-06-25T13:31:51","slug":"style","status":"publish","type":"page","link":"https:\/\/kitchenemore.be\/index.php\/style\/","title":{"rendered":"Styles"},"content":{"rendered":"\n<p>Selon vos go\u00fbts ou vos envies, tous les styles sont disponibles chez Kitchen &amp; More,<\/p>\n\n\n\n<p>Le style cottage, un ind\u00e9modable toujours tendance, d\u00e9clinable dans une multitude de couleurs et de formes. Ses fa\u00e7ades en bois massif vous apporteront la robustesse et le prestige d\u2019une cuisine \u00e9l\u00e9gante.<\/p>\n\n\n\n<figure class=\"wp-block-image size-large\"><img loading=\"lazy\" decoding=\"async\" width=\"1024\" height=\"760\" src=\"https:\/\/kitchenemore.be\/wp-content\/uploads\/2025\/05\/cuisine-3-1024x760.jpg\" alt=\"\" class=\"wp-image-152\" srcset=\"https:\/\/kitchenemore.be\/wp-content\/uploads\/2025\/05\/cuisine-3-1024x760.jpg 1024w, https:\/\/kitchenemore.be\/wp-content\/uploads\/2025\/05\/cuisine-3-300x223.jpg 300w, https:\/\/kitchenemore.be\/wp-content\/uploads\/2025\/05\/cuisine-3-768x570.jpg 768w, https:\/\/kitchenemore.be\/wp-content\/uploads\/2025\/05\/cuisine-3-1536x1140.jpg 1536w, https:\/\/kitchenemore.be\/wp-content\/uploads\/2025\/05\/cuisine-3-2048x1519.jpg 2048w\" sizes=\"auto, (max-width: 767px) 89vw, (max-width: 1000px) 54vw, (max-width: 1071px) 543px, 580px\" \/><\/figure>\n\n\n\n<p>L&rsquo;acier et la pierre : l\u2019association parfaite pour un loft. Le style industriel pouss\u00e9 \u00e0 son maximum pour cette cuisine au design actuel.<\/p>\n\n\n\n<figure class=\"wp-block-image size-large\"><img loading=\"lazy\" decoding=\"async\" width=\"868\" height=\"1024\" src=\"https:\/\/kitchenemore.be\/wp-content\/uploads\/2025\/05\/cuisine-5-3-868x1024.jpg\" alt=\"\" class=\"wp-image-175\" srcset=\"https:\/\/kitchenemore.be\/wp-content\/uploads\/2025\/05\/cuisine-5-3-868x1024.jpg 868w, https:\/\/kitchenemore.be\/wp-content\/uploads\/2025\/05\/cuisine-5-3-254x300.jpg 254w, https:\/\/kitchenemore.be\/wp-content\/uploads\/2025\/05\/cuisine-5-3-768x906.jpg 768w, https:\/\/kitchenemore.be\/wp-content\/uploads\/2025\/05\/cuisine-5-3-1302x1536.jpg 1302w, https:\/\/kitchenemore.be\/wp-content\/uploads\/2025\/05\/cuisine-5-3-1735x2048.jpg 1735w\" sizes=\"auto, (max-width: 767px) 89vw, (max-width: 1000px) 54vw, (max-width: 1071px) 543px, 580px\" \/><\/figure>\n\n\n\n<p>Le style moderne : cuisine blanche avec ou sans poign\u00e9es, une ligne \u00e9pur\u00e9e et facile \u00e0 int\u00e9grer dans tous les int\u00e9rieurs.<\/p>\n\n\n\n<figure class=\"wp-block-image size-large\"><img loading=\"lazy\" decoding=\"async\" width=\"1024\" height=\"869\" src=\"https:\/\/kitchenemore.be\/wp-content\/uploads\/2025\/05\/cuisine-11-1024x869.jpg\" alt=\"\" class=\"wp-image-136\" srcset=\"https:\/\/kitchenemore.be\/wp-content\/uploads\/2025\/05\/cuisine-11-1024x869.jpg 1024w, https:\/\/kitchenemore.be\/wp-content\/uploads\/2025\/05\/cuisine-11-300x255.jpg 300w, https:\/\/kitchenemore.be\/wp-content\/uploads\/2025\/05\/cuisine-11-768x652.jpg 768w, https:\/\/kitchenemore.be\/wp-content\/uploads\/2025\/05\/cuisine-11-1536x1304.jpg 1536w, https:\/\/kitchenemore.be\/wp-content\/uploads\/2025\/05\/cuisine-11-2048x1739.jpg 2048w\" sizes=\"auto, (max-width: 767px) 89vw, (max-width: 1000px) 54vw, (max-width: 1071px) 543px, 580px\" \/><\/figure>\n\n\n\n<p>Le style contemporain : noir mat et bois, chaleureux et incisif, les fa\u00e7ades noires anti-traces. Le must des cuisines sombres.<\/p>\n\n\n\n<figure class=\"wp-block-image size-full\"><img loading=\"lazy\" decoding=\"async\" width=\"480\" height=\"640\" src=\"https:\/\/kitchenemore.be\/wp-content\/uploads\/2025\/05\/cuisine-7.jpg\" alt=\"\" class=\"wp-image-133\" srcset=\"https:\/\/kitchenemore.be\/wp-content\/uploads\/2025\/05\/cuisine-7.jpg 480w, https:\/\/kitchenemore.be\/wp-content\/uploads\/2025\/05\/cuisine-7-225x300.jpg 225w\" sizes=\"auto, (max-width: 480px) 100vw, 480px\" \/><\/figure>\n\n\n\n<p><\/p>\n","protected":false},"excerpt":{"rendered":"<p>Selon vos go\u00fbts ou vos envies, tous les styles sont disponibles chez Kitchen &amp; More, Le style cottage, un ind\u00e9modable toujours tendance, d\u00e9clinable dans une multitude de couleurs et de formes. Ses fa\u00e7ades en bois massif vous apporteront la robustesse et le prestige d\u2019une cuisine \u00e9l\u00e9gante. L&rsquo;acier et la pierre : l\u2019association parfaite pour un &hellip; <\/p>\n<p class=\"link-more\"><a href=\"https:\/\/kitchenemore.be\/index.php\/style\/\" class=\"more-link\">Continuer la lecture<span class=\"screen-reader-text\"> de &laquo;&nbsp;Styles&nbsp;&raquo;<\/span><\/a><\/p>\n","protected":false},"author":1,"featured_media":0,"parent":0,"menu_order":0,"comment_status":"closed","ping_status":"closed","template":"","meta":{"footnotes":""},"class_list":["post-206","page","type-page","status-publish","hentry"],"_links":{"self":[{"href":"https:\/\/kitchenemore.be\/index.php\/wp-json\/wp\/v2\/pages\/206","targetHints":{"allow":["GET"]}}],"collection":[{"href":"https:\/\/kitchenemore.be\/index.php\/wp-json\/wp\/v2\/pages"}],"about":[{"href":"https:\/\/kitchenemore.be\/index.php\/wp-json\/wp\/v2\/types\/page"}],"author":[{"embeddable":true,"href":"https:\/\/kitchenemore.be\/index.php\/wp-json\/wp\/v2\/users\/1"}],"replies":[{"embeddable":true,"href":"https:\/\/kitchenemore.be\/index.php\/wp-json\/wp\/v2\/comments?post=206"}],"version-history":[{"count":5,"href":"https:\/\/kitchenemore.be\/index.php\/wp-json\/wp\/v2\/pages\/206\/revisions"}],"predecessor-version":[{"id":261,"href":"https:\/\/kitchenemore.be\/index.php\/wp-json\/wp\/v2\/pages\/206\/revisions\/261"}],"wp:attachment":[{"href":"https:\/\/kitchenemore.be\/index.php\/wp-json\/wp\/v2\/media?parent=206"}],"curies":[{"name":"wp","href":"https:\/\/api.w.org\/{rel}","templated":true}]}}