{"id":12,"date":"2025-04-30T16:38:23","date_gmt":"2025-04-30T14:38:23","guid":{"rendered":"https:\/\/kitchenemore.be\/?page_id=12"},"modified":"2025-06-25T17:43:57","modified_gmt":"2025-06-25T15:43:57","slug":"contact","status":"publish","type":"page","link":"https:\/\/kitchenemore.be\/index.php\/contact\/","title":{"rendered":"Conception"},"content":{"rendered":"\n<p>La conception de la cuisine, c&rsquo;est la base du projet. Elle allie imagination, cr\u00e9ation et savoir-faire. L&rsquo;\u00e9change d&rsquo;id\u00e9es entre le client et le cuisiniste est le fondement d&rsquo;un travail de qualit\u00e9. N&rsquo;h\u00e9sitez pas \u00e0 prendre rendez-vous avec nos conseillers.<\/p>\n","protected":false},"excerpt":{"rendered":"<p>La conception de la cuisine, c&rsquo;est la base du projet. Elle allie imagination, cr\u00e9ation et savoir-faire. L&rsquo;\u00e9change d&rsquo;id\u00e9es entre le client et le cuisiniste est le fondement d&rsquo;un travail de qualit\u00e9. N&rsquo;h\u00e9sitez pas \u00e0 prendre rendez-vous avec nos conseillers.<\/p>\n","protected":false},"author":1,"featured_media":150,"parent":0,"menu_order":0,"comment_status":"closed","ping_status":"closed","template":"","meta":{"footnotes":""},"class_list":["post-12","page","type-page","status-publish","has-post-thumbnail","hentry"],"_links":{"self":[{"href":"https:\/\/kitchenemore.be\/index.php\/wp-json\/wp\/v2\/pages\/12","targetHints":{"allow":["GET"]}}],"collection":[{"href":"https:\/\/kitchenemore.be\/index.php\/wp-json\/wp\/v2\/pages"}],"about":[{"href":"https:\/\/kitchenemore.be\/index.php\/wp-json\/wp\/v2\/types\/page"}],"author":[{"embeddable":true,"href":"https:\/\/kitchenemore.be\/index.php\/wp-json\/wp\/v2\/users\/1"}],"replies":[{"embeddable":true,"href":"https:\/\/kitchenemore.be\/index.php\/wp-json\/wp\/v2\/comments?post=12"}],"version-history":[{"count":10,"href":"https:\/\/kitchenemore.be\/index.php\/wp-json\/wp\/v2\/pages\/12\/revisions"}],"predecessor-version":[{"id":288,"href":"https:\/\/kitchenemore.be\/index.php\/wp-json\/wp\/v2\/pages\/12\/revisions\/288"}],"wp:featuredmedia":[{"embeddable":true,"href":"https:\/\/kitchenemore.be\/index.php\/wp-json\/wp\/v2\/media\/150"}],"wp:attachment":[{"href":"https:\/\/kitchenemore.be\/index.php\/wp-json\/wp\/v2\/media?parent=12"}],"curies":[{"name":"wp","href":"https:\/\/api.w.org\/{rel}","templated":true}]}}