{"id":10,"date":"2025-04-30T16:38:23","date_gmt":"2025-04-30T14:38:23","guid":{"rendered":"https:\/\/kitchenemore.be\/?page_id=10"},"modified":"2025-07-01T13:35:55","modified_gmt":"2025-07-01T11:35:55","slug":"accueil","status":"publish","type":"page","link":"https:\/\/kitchenemore.be\/","title":{"rendered":"Pourquoi choisir Kitchen &#038; More\u00a0?"},"content":{"rendered":"\n<div class=\"wp-block-group\"><div class=\"wp-block-group__inner-container is-layout-constrained wp-block-group-is-layout-constrained\">\n<p>Designer d&rsquo;ameublement, sp\u00e9cialiste en cuisines \u00e9quip\u00e9es depuis 18 ans en tant que manager au sein d&rsquo;une grande entreprise, notre projet d&rsquo;ouvrir une enseigne ind\u00e9pendante est arriv\u00e9 \u00e0 maturit\u00e9.  <\/p>\n\n\n\n<p>Kitchen &amp; More pose les bases d&rsquo;un concept innovant.<\/p>\n<\/div><\/div>\n\n\n\n<p>Il y a pl\u00e9thore de cha\u00eenes de magasins sp\u00e9cialis\u00e9s dans le domaine de la cuisine \u00e9quip\u00e9e sur le territoire wallon. Celles-ci sont calibr\u00e9es, impersonnelles et privil\u00e9gient la quantit\u00e9 plut\u00f4t que la qualit\u00e9. Ce n&rsquo;est pas ce que souhaitent les clients.<\/p>\n\n\n\n<p>Notre volont\u00e9 est de cr\u00e9er un accompagnement complet : conception du projet, mesurage, conseils, suivi du dossier par une seule et unique personne, afin de proposer un travail haut de gamme \u00e0 chaque client ainsi qu&rsquo;un prix juste et transparent.<\/p>\n\n\n\n<p>Quels sont les atouts de Kitchen &amp; More?<\/p>\n\n\n\n<ul class=\"wp-block-list\">\n<li>La proposition d&rsquo;une gamme de meubles Premium, sup\u00e9rieure au march\u00e9 standard actuel.<\/li>\n\n\n\n<li>La conception de votre projet  r\u00e9alis\u00e9e par nos soins, ainsi que tout l&rsquo;accompagnement n\u00e9cessaire : visite du chantier, v\u00e9rification des travaux pr\u00e9paratoires, contr\u00f4le qualit\u00e9 apr\u00e8s la pose.<\/li>\n\n\n\n<li>Un seul interlocuteur concernant le service apr\u00e8s vente, pas de centrale d&rsquo;appel d\u00e9localis\u00e9e et impersonnelle. Rapidit\u00e9 d\u2019ex\u00e9cution et prise en main totale du probl\u00e8me.<\/li>\n\n\n\n<li>Le placement est effectu\u00e9 par les menuisiers qui nous accompagnent depuis 18 ans. La qualit\u00e9 des meubles se doit d&rsquo;\u00eatre assortie d&rsquo;un placement irr\u00e9prochable. Le travail VIP est de mise pour chacun de nos clients.<\/li>\n\n\n\n<li>Le service de livraison apporte l&rsquo;ensemble de votre commande avec soin et sympathie. Nous pr\u00e9voyons un lift pour les placements \u00e0 l&rsquo;\u00e9tage.<\/li>\n\n\n\n<li>Nous vous accueillons dans notre showroom, situ\u00e9 \u00e0 Eghez\u00e9e. Si vous le souhaitez, nous pouvons aussi nous rendre chez vous.<\/li>\n<\/ul>\n\n\n\n<p>N&rsquo;h\u00e9sitez pas \u00e0 nous contacter. Nous serons ravis de partager avec vous notre expertise et nos conseils pour concevoir votre int\u00e9rieur.<\/p>\n\n\n\n<p><\/p>\n","protected":false},"excerpt":{"rendered":"<p>Designer d&rsquo;ameublement, sp\u00e9cialiste en cuisines \u00e9quip\u00e9es depuis 18 ans en tant que manager au sein d&rsquo;une grande entreprise, notre projet d&rsquo;ouvrir une enseigne ind\u00e9pendante est arriv\u00e9 \u00e0 maturit\u00e9. Kitchen &amp; More pose les bases d&rsquo;un concept innovant. Il y a pl\u00e9thore de cha\u00eenes de magasins sp\u00e9cialis\u00e9s dans le domaine de la cuisine \u00e9quip\u00e9e sur le &hellip; <\/p>\n<p class=\"link-more\"><a href=\"https:\/\/kitchenemore.be\/\" class=\"more-link\">Continuer la lecture<span class=\"screen-reader-text\"> de &laquo;&nbsp;Pourquoi choisir Kitchen &#038; More\u00a0?&nbsp;&raquo;<\/span><\/a><\/p>\n","protected":false},"author":1,"featured_media":46,"parent":0,"menu_order":0,"comment_status":"closed","ping_status":"closed","template":"","meta":{"footnotes":""},"class_list":["post-10","page","type-page","status-publish","has-post-thumbnail","hentry"],"_links":{"self":[{"href":"https:\/\/kitchenemore.be\/index.php\/wp-json\/wp\/v2\/pages\/10","targetHints":{"allow":["GET"]}}],"collection":[{"href":"https:\/\/kitchenemore.be\/index.php\/wp-json\/wp\/v2\/pages"}],"about":[{"href":"https:\/\/kitchenemore.be\/index.php\/wp-json\/wp\/v2\/types\/page"}],"author":[{"embeddable":true,"href":"https:\/\/kitchenemore.be\/index.php\/wp-json\/wp\/v2\/users\/1"}],"replies":[{"embeddable":true,"href":"https:\/\/kitchenemore.be\/index.php\/wp-json\/wp\/v2\/comments?post=10"}],"version-history":[{"count":44,"href":"https:\/\/kitchenemore.be\/index.php\/wp-json\/wp\/v2\/pages\/10\/revisions"}],"predecessor-version":[{"id":291,"href":"https:\/\/kitchenemore.be\/index.php\/wp-json\/wp\/v2\/pages\/10\/revisions\/291"}],"wp:featuredmedia":[{"embeddable":true,"href":"https:\/\/kitchenemore.be\/index.php\/wp-json\/wp\/v2\/media\/46"}],"wp:attachment":[{"href":"https:\/\/kitchenemore.be\/index.php\/wp-json\/wp\/v2\/media?parent=10"}],"curies":[{"name":"wp","href":"https:\/\/api.w.org\/{rel}","templated":true}]}}